{"id":3562,"date":"2023-09-05T06:55:16","date_gmt":"2023-09-05T06:55:16","guid":{"rendered":"https:\/\/themeholy.com\/wordpress\/test\/?page_id=3562"},"modified":"2024-11-07T13:10:40","modified_gmt":"2024-11-07T11:10:40","slug":"about-v2","status":"publish","type":"page","link":"https:\/\/wienerautocentar.ba\/index.php\/about-v2\/","title":{"rendered":"About V2"},"content":{"rendered":"\t\t<div data-elementor-type=\"wp-page\" data-elementor-id=\"3562\" class=\"elementor elementor-3562\">\n\t\t\t\t\t\t<section class=\"elementor-section elementor-top-section elementor-element elementor-element-4bac304f elementor-section-full_width elementor-section-height-default elementor-section-height-default\" data-id=\"4bac304f\" data-element_type=\"section\">\n\t\t\t\t\t\t<div class=\"elementor-container elementor-column-gap-no\">\n\t\t\t\t\t<div class=\"elementor-column elementor-col-100 elementor-top-column elementor-element elementor-element-1a3e0b64\" data-id=\"1a3e0b64\" data-element_type=\"column\">\n\t\t\t<div class=\"elementor-widget-wrap elementor-element-populated\">\n\t\t\t\t\t\t<section class=\"elementor-section elementor-inner-section elementor-element elementor-element-9b4359d elementor-section-content-middle elementor-reverse-tablet elementor-reverse-mobile elementor-section-boxed elementor-section-height-default elementor-section-height-default\" data-id=\"9b4359d\" data-element_type=\"section\">\n\t\t\t\t\t\t<div class=\"elementor-container elementor-column-gap-no\">\n\t\t\t\t\t<div class=\"elementor-column elementor-col-100 elementor-inner-column elementor-element elementor-element-1bc78b3b\" data-id=\"1bc78b3b\" data-element_type=\"column\">\n\t\t\t<div class=\"elementor-widget-wrap elementor-element-populated\">\n\t\t\t\t\r\n\t\t<div class=\"elementor-element elementor-element-6935998 elementor-widget elementor-widget-mechonsectiontitle\" data-id=\"6935998\" data-element_type=\"widget\" data-widget_type=\"mechonsectiontitle.default\">\n\t\t\t\t<div class=\"elementor-widget-container\">\n\t\t\t<div class=\"title-area\" ><span class=\"sub-title title-selector\">O kompaniji<\/span><h2 class=\"sec-title subtitle-selector\">Wiener Auto Centar<\/h2><\/div>\t\t<\/div>\n\t\t\t\t<\/div>\n\t\t\t\t<div class=\"elementor-element elementor-element-454d5cf elementor-widget__width-initial elementor-widget elementor-widget-text-editor\" data-id=\"454d5cf\" data-element_type=\"widget\" data-widget_type=\"text-editor.default\">\n\t\t\t\t<div class=\"elementor-widget-container\">\n\t\t\t<style>\/*! elementor - v3.23.0 - 25-07-2024 *\/\n.elementor-widget-text-editor.elementor-drop-cap-view-stacked .elementor-drop-cap{background-color:#69727d;color:#fff}.elementor-widget-text-editor.elementor-drop-cap-view-framed .elementor-drop-cap{color:#69727d;border:3px solid;background-color:transparent}.elementor-widget-text-editor:not(.elementor-drop-cap-view-default) .elementor-drop-cap{margin-top:8px}.elementor-widget-text-editor:not(.elementor-drop-cap-view-default) .elementor-drop-cap-letter{width:1em;height:1em}.elementor-widget-text-editor .elementor-drop-cap{float:left;text-align:center;line-height:1;font-size:50px}.elementor-widget-text-editor .elementor-drop-cap-letter{display:inline-block}<\/style>\t\t\t\t<div><p style=\"margin: 0cm; font-size: 12pt; font-family: Aptos, sans-serif; color: #000000;\"><span style=\"font-size: 11pt; font-family: Arial, sans-serif;\">Wiener Auto Centar je kompanija koja se bavi uslugama tehni\u010dkog pregleda vozila na 13 lokacija \u0161irom Republike Srpske, a nalazi se u vlasni\u0161tvu Wiener osiguranja, koje je 100% vlasnik kapitala Wiener auto centra.<\/span><\/p><p style=\"margin: 0cm; font-size: 12pt; font-family: Aptos, sans-serif; color: #000000;\"><span style=\"font-size: 11pt; font-family: Arial, sans-serif;\">Vi\u0161egodi\u0161njim uspje\u0161nim poslovanjem, Wiener auto centar je izgradio prepoznatljiv kvalitet usluga, kojim svakodnevno doprinosi pove\u0107anju bezbjednosti saobra\u0107aja \u0161irom Bosne i Hercegovine, \u0161to dokazuje \u010dinjenica od oko 35.000 obavljenih tehni\u010dkih pregleda na godi\u0161njem nivou.<\/span><\/p><p style=\"margin: 0cm; font-size: 12pt; font-family: Aptos, sans-serif; color: #000000;\"><span style=\"font-size: 11pt; font-family: Arial, sans-serif;\">\u00a0<\/span><\/p><p style=\"margin: 0cm; font-size: 12pt; font-family: Aptos, sans-serif; color: #000000;\"><span style=\"font-size: 11pt; font-family: Arial, sans-serif;\">Osim djelatnosti tehni\u010dkog pregleda vozila u Wiener auto centru je mogu\u0107e izvr\u0161iti usluge homologacije i certifikacije vozila na dvije lokacije \u2013 Banjaluka i Bijeljina, kao i izrada kupoprodajnih ugovora (prenos vlasni\u0161tva) za motorna vozila.<\/span><\/p><p style=\"margin: 0cm; font-size: 12pt; font-family: Aptos, sans-serif; color: #000000;\"><span style=\"font-size: 11pt; font-family: Arial, sans-serif;\">\u00a0<\/span><\/p><p style=\"margin: 0cm; font-size: 12pt; font-family: Aptos, sans-serif; color: #000000;\"><span style=\"font-size: 11pt; font-family: Arial, sans-serif;\">Na stanicama za tehni\u010dki pregled vozila nudi se brza i kvalitetna usluga tehni\u010dkog pregleda, osiguranja i registracije vozila.<\/span><\/p><\/div>\t\t\t\t\t\t<\/div>\n\t\t\t\t<\/div>\n\t\t\t\t<div class=\"elementor-element elementor-element-9ae06e1 elementor-widget elementor-widget-mechonsectiontitle\" data-id=\"9ae06e1\" data-element_type=\"widget\" data-widget_type=\"mechonsectiontitle.default\">\n\t\t\t\t<div class=\"elementor-widget-container\">\n\t\t\t<div class=\"title-area\" ><span class=\"sub-title title-selector\">O kompaniji<\/span><h2 class=\"sec-title subtitle-selector\">Wiener osiguranje<\/h2><\/div>\t\t<\/div>\n\t\t\t\t<\/div>\n\t\t\t\t<div class=\"elementor-element elementor-element-693cd24 elementor-widget__width-initial elementor-widget elementor-widget-text-editor\" data-id=\"693cd24\" data-element_type=\"widget\" data-widget_type=\"text-editor.default\">\n\t\t\t\t<div class=\"elementor-widget-container\">\n\t\t\t\t\t\t\t<div><p style=\"margin: 0cm; font-size: 12pt; font-family: Aptos, sans-serif; color: #000000;\"><span style=\"font-size: 11pt; font-family: Arial, sans-serif;\">\u201eWiener osiguranje\u201c Vienna Insurance Group ad Banja Luka osnovano je 11.08.1992. godine kao dioni\u010dko dru\u0161tvo u mje\u0161ovitoj svojini, a od 02.09.2002. godine registrovano je kao akcionarsko dru\u0161tvo. U skladu sa novim Zakonom o dru\u0161tvima za osiguranje, Dru\u0161tvo je pribavilo novu dozvolu za rad, gdje se registrovalo i za obavljanje poslova:<\/span><\/p><p style=\"margin: 0cm; font-size: 12pt; font-family: Aptos, sans-serif; color: #000000;\"><span style=\"font-size: 11pt; font-family: Arial, sans-serif;\">\u00a0<\/span><\/p><p style=\"margin: 0cm; font-size: 12pt; font-family: Aptos, sans-serif; color: #000000;\"><span style=\"font-size: 11pt; font-family: Arial, sans-serif;\">&#8211; za sve vrste ne\u017eivotnih osiguranja iz \u010dlana 49. stav 2. ta\u010dka a), b) i c) Zakona o dru\u0161tvima za osiguranje i<\/span><\/p><p style=\"margin: 0cm; font-size: 12pt; font-family: Aptos, sans-serif; color: #000000;\"><span style=\"font-size: 11pt; font-family: Arial, sans-serif;\">&#8211; za \u017eivotno osiguranje iz \u010dlana 49. stav 2. ta\u010dka d), Zakona o dru\u0161tvima za osiguranje.<\/span><\/p><p style=\"margin: 0cm; font-size: 12pt; font-family: Aptos, sans-serif; color: #000000;\"><span style=\"font-size: 11pt; font-family: Arial, sans-serif;\">\u00a0<\/span><\/p><p style=\"margin: 0cm; font-size: 12pt; font-family: Aptos, sans-serif; color: #000000;\"><span style=\"font-size: 11pt; font-family: Arial, sans-serif;\">Od 01.12.2014. godine Dru\u0161tvo je promijenilo naziv i sjedi\u0161te. Stari naziv i sjedi\u0161te \u201eJahorina osiguranje VIG\u201c ad Pale promjenjen je u novi naziv Wiener osiguranje Vienna Insurance Group ad sa sjedi\u0161tem u Banja Luci, Kninska 1-a.<\/span><\/p><p style=\"margin: 0cm; font-size: 12pt; font-family: Aptos, sans-serif; color: #000000;\"><span style=\"font-size: 11pt; font-family: Arial, sans-serif;\">\u00a0<\/span><\/p><p style=\"margin: 0cm; font-size: 12pt; font-family: Aptos, sans-serif; color: #000000;\"><span style=\"font-size: 11pt; font-family: Arial, sans-serif;\">Organi Dru\u0161tva su: Skup\u0161tina, Upravni odbor, Izvr\u0161ni odbor, Generalni direktor, Odbor za reviziju i Interni revizor.<\/span><\/p><p style=\"margin: 0cm; font-size: 12pt; font-family: Aptos, sans-serif; color: #000000;\"><span style=\"font-size: 11pt; font-family: Arial, sans-serif;\">\u00a0<\/span><\/p><p style=\"margin: 0cm; font-size: 12pt; font-family: Aptos, sans-serif; color: #000000;\"><span style=\"font-size: 11pt; font-family: Arial, sans-serif;\">\u00a0<\/span><\/p><\/div>\t\t\t\t\t\t<\/div>\n\t\t\t\t<\/div>\n\t\t\t\t<div class=\"elementor-element elementor-element-2921491 elementor-widget__width-auto elementor-widget-mobile__width-inherit elementor-widget elementor-widget-mechonbutton\" data-id=\"2921491\" data-element_type=\"widget\" data-widget_type=\"mechonbutton.default\">\n\t\t\t\t<div class=\"elementor-widget-container\">\n\t\t\t<!-- Button -->\t\t<div class=\"btn-wrapper left\"><a class=\" th_btn th-btn\" href=\"https:\/\/wienerautocentar.ba\/index.php\/kontakti\/\">Kontaktirajte nas<\/a><\/div><!-- End Button -->\t\t<\/div>\n\t\t\t\t<\/div>\n\t\t\t\t\t<\/div>\n\t\t<\/div>\n\t\t\t\t\t<\/div>\n\t\t<\/section>\n\t\t\t\t\t<\/div>\n\t\t<\/div>\n\t\t\t\t\t<\/div>\n\t\t<\/section>\n\t\t\t\t<\/div>\n\t\t","protected":false},"excerpt":{"rendered":"<p>O kompaniji Wiener Auto Centar Wiener Auto Centar je kompanija koja se bavi uslugama tehni\u010dkog pregleda vozila na 13 lokacija \u0161irom Republike Srpske, a nalazi se u vlasni\u0161tvu Wiener osiguranja, koje je 100% vlasnik kapitala Wiener auto centra. Vi\u0161egodi\u0161njim uspje\u0161nim poslovanjem, Wiener auto centar je izgradio prepoznatljiv kvalitet usluga, kojim svakodnevno doprinosi pove\u0107anju bezbjednosti saobra\u0107aja&#8230;<\/p>\n","protected":false},"author":1,"featured_media":0,"parent":0,"menu_order":0,"comment_status":"closed","ping_status":"closed","template":"template-builder.php","meta":{"footnotes":""},"class_list":["post-3562","page","type-page","status-publish","hentry"],"_links":{"self":[{"href":"https:\/\/wienerautocentar.ba\/index.php\/wp-json\/wp\/v2\/pages\/3562","targetHints":{"allow":["GET"]}}],"collection":[{"href":"https:\/\/wienerautocentar.ba\/index.php\/wp-json\/wp\/v2\/pages"}],"about":[{"href":"https:\/\/wienerautocentar.ba\/index.php\/wp-json\/wp\/v2\/types\/page"}],"author":[{"embeddable":true,"href":"https:\/\/wienerautocentar.ba\/index.php\/wp-json\/wp\/v2\/users\/1"}],"replies":[{"embeddable":true,"href":"https:\/\/wienerautocentar.ba\/index.php\/wp-json\/wp\/v2\/comments?post=3562"}],"version-history":[{"count":37,"href":"https:\/\/wienerautocentar.ba\/index.php\/wp-json\/wp\/v2\/pages\/3562\/revisions"}],"predecessor-version":[{"id":5818,"href":"https:\/\/wienerautocentar.ba\/index.php\/wp-json\/wp\/v2\/pages\/3562\/revisions\/5818"}],"wp:attachment":[{"href":"https:\/\/wienerautocentar.ba\/index.php\/wp-json\/wp\/v2\/media?parent=3562"}],"curies":[{"name":"wp","href":"https:\/\/api.w.org\/{rel}","templated":true}]}}